{"id":26,"date":"2015-11-17T15:32:56","date_gmt":"2015-11-17T14:32:56","guid":{"rendered":"http:\/\/10.0.0.6\/?page_id=26"},"modified":"2026-01-11T10:43:50","modified_gmt":"2026-01-11T09:43:50","slug":"nepovinne-ockovani","status":"publish","type":"page","link":"https:\/\/pediatrnadedine.cz\/index.php\/nepovinne-ockovani\/","title":{"rendered":"Nepovinn\u00e9 o\u010dkov\u00e1n\u00ed"},"content":{"rendered":"<div class=\"fusion-fullwidth fullwidth-box fusion-builder-row-1 nonhundred-percent-fullwidth non-hundred-percent-height-scrolling\" style=\"--awb-border-radius-top-left:0px;--awb-border-radius-top-right:0px;--awb-border-radius-bottom-right:0px;--awb-border-radius-bottom-left:0px;--awb-padding-top:70px;\" ><div class=\"fusion-builder-row fusion-row\"><div class=\"fusion-layout-column fusion_builder_column fusion-builder-column-0 fusion_builder_column_1_1 1_1 fusion-one-full fusion-column-first fusion-column-last\" style=\"--awb-bg-size:cover;--awb-margin-top:0px;--awb-margin-bottom:0px;\"><div class=\"fusion-column-wrapper fusion-flex-column-wrapper-legacy\"><div class=\"fusion-text fusion-text-1\"><p style=\"text-align: justify;\">Nab\u00edz\u00edme kompletn\u00ed nadstandartn\u00ed o\u010dkov\u00e1n\u00ed na p\u0159\u00e1n\u00ed klient\u016f, vakciny je mo\u017en\u00e9 zakoupit p\u0159\u00edmo v ordinaci nebo napsat na recept.<\/p>\n<p style=\"text-align: justify;\"><strong><em>ROTARIX <\/em><\/strong>&#8211; \u017eiv\u00e1 vakcina proti rotavir\u016fm \/zp\u016fsobuj\u00ed t\u011b\u017ek\u00e9 pr\u016fjmy u mal\u00fdch d\u011bt\u00ed\/, lze podat od 6.t\u00fddne v\u011bku nejd\u00e9le do 24.t\u00fddne, ve 2 d\u00e1vk\u00e1ch s odstupem 4-6 t\u00fddn\u016f, vakcina se polyk\u00e1 \u00fasty.<\/p>\n<p><em><strong>VAXNEUVANCE<\/strong><\/em> &#8211; vakcina proti 15 typ\u016fm bakterie Streptococcus pneumoniae, 3 d\u00e1vky ve schematu 2+1, d\u011btem do 7 m\u011bs. hrazena ze zdr.poji\u0161t\u011bn\u00ed.<\/p>\n<p style=\"text-align: justify;\"><strong><em>PREVENAR 20<\/em><\/strong> &#8211; vakcina proti 20 typ\u016fm bakterie Streptococcus pneumoniae, podle v\u011bku d\u00edt\u011bte se pod\u00e1vaj\u00ed 1 &#8211; 4 d\u00e1vky. Ze zdravotn\u00edho poji\u0161t\u011bn\u00ed je hrazena pouze d\u011btem do 7.m\u011bs\u00edce v\u011bku, ve schematu 3+1<\/p>\n<p style=\"text-align: justify;\"><strong><em>HAVRIX 720\/ VAQTA paed. <\/em><\/strong>&#8211; o\u010dkov\u00e1n\u00ed proti \u017eloutence typu A, pro d\u011bti od 1 roku do 16 \/18\/ let, ve 2 d\u00e1vk\u00e1ch s odstupem 6 &#8211; 12 m\u011bs\u00edc\u016f.<\/p>\n<p style=\"text-align: justify;\"><strong><em>HAVRIX 1440 <\/em><\/strong>&#8211; vakcina proti \u017eloutence typu A pro osoby nad 16 let, 2 d\u00e1vky s odstupem 6 &#8211; 12 m\u011bs\u00edc\u016f.<\/p>\n<p style=\"text-align: justify;\"><strong><em>PRIORIX-TETRA<\/em><\/strong> &#8211; vakcina proti spalni\u010dk\u00e1m,zard\u011bnk\u00e1m, p\u0159\u00edu\u0161nic\u00edm a plan\u00fdm ne\u0161tovic\u00edm, 2 d\u00e1vky s odstupem min. 6m\u011bs\u00edc\u016f, lze zakoupit jako alternativu k povinn\u00e9mu o\u010dkov\u00e1n\u00ed Priorix.<\/p>\n<p style=\"text-align: justify;\"><strong><em>VARILRIX<\/em><\/strong> &#8211; vakcina proti ne\u0161tovic\u00edm, 2 d\u00e1vky po 6 t\u00fddnech od 1 roku v\u011bku.<\/p>\n<p style=\"text-align: justify;\"><strong><em>NIMENRIX<\/em><\/strong> &#8211; kombinovan\u00e1 vakcina proti meningokok\u016fm skupin A,C.Y a W135, od 6 t\u00fddn\u016f, 1 &#8211; 3 d\u00e1vky dle v\u011bku, d\u011btem 1-2 roky a adolescent\u016fm hrazena ze zdravotn\u00edho poji\u0161t\u011bn\u00ed.<\/p>\n<p style=\"text-align: justify;\"><strong><em>BEXSERO\u00a0 <\/em><\/strong>&#8211;\u00a0 vakcina proti meningokokov\u00e9 infekci typu B, 2 &#8211;\u00a0 4 d\u00e1vky v z\u00e1vislosti na v\u011bku d\u00edt\u011bte, lze o\u010dkovat ji\u017e od 2 m\u011bs\u00edc\u016f v\u011bku, d\u011btem do 1 roku a adolescent\u016fm hrazena ze zdravotn\u00edho poji\u0161t\u011bn\u00ed.<\/p>\n<p style=\"text-align: justify;\"><strong><em>FSME-IMMUN<\/em><\/strong> &#8211; vakcina proti kl\u00ed\u0161\u0165ov\u00e9 encefalitid\u011b, vhodn\u00e1 pro d\u011bti od 3 let, z\u00e1kladn\u00ed o\u010dkov\u00e1n\u00ed jsou 3 d\u00e1vky v odstupu 0-1-9 m\u011bs\u00edc\u016f,\u00a0 prvn\u00ed p\u0159eo\u010dkov\u00e1n\u00ed po 3 letech a d\u00e1le pak ka\u017ed\u00fdch 5 let.<\/p>\n<p><em><strong>GARDASIL 9 &#8211; <\/strong><\/em>vakcina proti 9 typ\u016fm p\u016fvodc\u016f rakoviny d\u011blo\u017en\u00edho \u010d\u00edpku a genit\u00e1ln\u00edch bradavic, schema 2 d\u00e1vkov\u00e9 v rozmez\u00ed 5 &#8211; 7 m\u011bs\u00edc\u016f, pro d\u011bti mezi 11 &#8211; 15 rokem hrad\u00ed poji\u0161\u0165ovna.<\/p>\n<p><em><strong>BOOSTRIX<\/strong><\/em> &#8211; vakcina proti tetanu a \u010dern\u00e9mu ka\u0161li, lze zakoupit jako alternativu k povinn\u00e9mu o\u010dkov\u00e1n\u00ed proti tetanu, 1 d\u00e1vka ka\u017ed\u00fdch 15 let.<\/p>\n<p style=\"text-align: justify;\"><strong><em>VAXIGRIP \/ INFLUVAC<\/em><\/strong> &#8211; sezonn\u00ed o\u010dkov\u00e1n\u00ed proti ch\u0159ipce, prov\u00e1d\u00ed se nejl\u00e9pe od \u0159\u00edjna do konce prosince, jednor\u00e1zov\u011b, ka\u017ed\u00fd rok nutno opakovat.<\/p>\n<\/div><div class=\"fusion-clearfix\"><\/div><\/div><\/div><\/div><\/div>\n","protected":false},"excerpt":{"rendered":"","protected":false},"author":1,"featured_media":0,"parent":0,"menu_order":0,"comment_status":"closed","ping_status":"closed","template":"","meta":{"footnotes":""},"class_list":["post-26","page","type-page","status-publish","hentry"],"yoast_head":"<!-- This site is optimized with the Yoast SEO plugin v19.13 - https:\/\/yoast.com\/wordpress\/plugins\/seo\/ -->\n<title>Nepovinn\u00e9 o\u010dkov\u00e1n\u00ed - Ordinace praktick\u00e9ho l\u00e9ka\u0159e pro d\u011bti a dorost<\/title>\n<meta name=\"robots\" content=\"index, follow, max-snippet:-1, max-image-preview:large, max-video-preview:-1\" \/>\n<link rel=\"canonical\" href=\"https:\/\/pediatrnadedine.cz\/index.php\/nepovinne-ockovani\/\" \/>\n<meta property=\"og:locale\" content=\"cs_CZ\" \/>\n<meta property=\"og:type\" content=\"article\" \/>\n<meta property=\"og:title\" content=\"Nepovinn\u00e9 o\u010dkov\u00e1n\u00ed - Ordinace praktick\u00e9ho l\u00e9ka\u0159e pro d\u011bti a dorost\" \/>\n<meta property=\"og:url\" content=\"https:\/\/pediatrnadedine.cz\/index.php\/nepovinne-ockovani\/\" \/>\n<meta property=\"og:site_name\" content=\"Ordinace praktick\u00e9ho l\u00e9ka\u0159e pro d\u011bti a dorost\" \/>\n<meta property=\"article:modified_time\" content=\"2026-01-11T09:43:50+00:00\" \/>\n<meta name=\"twitter:card\" content=\"summary_large_image\" \/>\n<meta name=\"twitter:label1\" content=\"Est. reading time\" \/>\n\t<meta name=\"twitter:data1\" content=\"3 minuty\" \/>\n<script type=\"application\/ld+json\" class=\"yoast-schema-graph\">{\"@context\":\"https:\/\/schema.org\",\"@graph\":[{\"@type\":\"WebPage\",\"@id\":\"https:\/\/pediatrnadedine.cz\/index.php\/nepovinne-ockovani\/\",\"url\":\"https:\/\/pediatrnadedine.cz\/index.php\/nepovinne-ockovani\/\",\"name\":\"Nepovinn\u00e9 o\u010dkov\u00e1n\u00ed - Ordinace praktick\u00e9ho l\u00e9ka\u0159e pro d\u011bti a dorost\",\"isPartOf\":{\"@id\":\"https:\/\/pediatrnadedine.cz\/#website\"},\"datePublished\":\"2015-11-17T14:32:56+00:00\",\"dateModified\":\"2026-01-11T09:43:50+00:00\",\"breadcrumb\":{\"@id\":\"https:\/\/pediatrnadedine.cz\/index.php\/nepovinne-ockovani\/#breadcrumb\"},\"inLanguage\":\"cs\",\"potentialAction\":[{\"@type\":\"ReadAction\",\"target\":[\"https:\/\/pediatrnadedine.cz\/index.php\/nepovinne-ockovani\/\"]}]},{\"@type\":\"BreadcrumbList\",\"@id\":\"https:\/\/pediatrnadedine.cz\/index.php\/nepovinne-ockovani\/#breadcrumb\",\"itemListElement\":[{\"@type\":\"ListItem\",\"position\":1,\"name\":\"Home\",\"item\":\"https:\/\/pediatrnadedine.cz\/\"},{\"@type\":\"ListItem\",\"position\":2,\"name\":\"Nepovinn\u00e9 o\u010dkov\u00e1n\u00ed\"}]},{\"@type\":\"WebSite\",\"@id\":\"https:\/\/pediatrnadedine.cz\/#website\",\"url\":\"https:\/\/pediatrnadedine.cz\/\",\"name\":\"Ordinace praktick\u00e9ho l\u00e9ka\u0159e pro d\u011bti a dorost\",\"description\":\"Praktick\u00fd l\u00e9ka\u0159 pro d\u011bti a dorost\",\"potentialAction\":[{\"@type\":\"SearchAction\",\"target\":{\"@type\":\"EntryPoint\",\"urlTemplate\":\"https:\/\/pediatrnadedine.cz\/?s={search_term_string}\"},\"query-input\":\"required name=search_term_string\"}],\"inLanguage\":\"cs\"}]}<\/script>\n<!-- \/ Yoast SEO plugin. -->","yoast_head_json":{"title":"Nepovinn\u00e9 o\u010dkov\u00e1n\u00ed - Ordinace praktick\u00e9ho l\u00e9ka\u0159e pro d\u011bti a dorost","robots":{"index":"index","follow":"follow","max-snippet":"max-snippet:-1","max-image-preview":"max-image-preview:large","max-video-preview":"max-video-preview:-1"},"canonical":"https:\/\/pediatrnadedine.cz\/index.php\/nepovinne-ockovani\/","og_locale":"cs_CZ","og_type":"article","og_title":"Nepovinn\u00e9 o\u010dkov\u00e1n\u00ed - Ordinace praktick\u00e9ho l\u00e9ka\u0159e pro d\u011bti a dorost","og_url":"https:\/\/pediatrnadedine.cz\/index.php\/nepovinne-ockovani\/","og_site_name":"Ordinace praktick\u00e9ho l\u00e9ka\u0159e pro d\u011bti a dorost","article_modified_time":"2026-01-11T09:43:50+00:00","twitter_card":"summary_large_image","twitter_misc":{"Est. reading time":"3 minuty"},"schema":{"@context":"https:\/\/schema.org","@graph":[{"@type":"WebPage","@id":"https:\/\/pediatrnadedine.cz\/index.php\/nepovinne-ockovani\/","url":"https:\/\/pediatrnadedine.cz\/index.php\/nepovinne-ockovani\/","name":"Nepovinn\u00e9 o\u010dkov\u00e1n\u00ed - Ordinace praktick\u00e9ho l\u00e9ka\u0159e pro d\u011bti a dorost","isPartOf":{"@id":"https:\/\/pediatrnadedine.cz\/#website"},"datePublished":"2015-11-17T14:32:56+00:00","dateModified":"2026-01-11T09:43:50+00:00","breadcrumb":{"@id":"https:\/\/pediatrnadedine.cz\/index.php\/nepovinne-ockovani\/#breadcrumb"},"inLanguage":"cs","potentialAction":[{"@type":"ReadAction","target":["https:\/\/pediatrnadedine.cz\/index.php\/nepovinne-ockovani\/"]}]},{"@type":"BreadcrumbList","@id":"https:\/\/pediatrnadedine.cz\/index.php\/nepovinne-ockovani\/#breadcrumb","itemListElement":[{"@type":"ListItem","position":1,"name":"Home","item":"https:\/\/pediatrnadedine.cz\/"},{"@type":"ListItem","position":2,"name":"Nepovinn\u00e9 o\u010dkov\u00e1n\u00ed"}]},{"@type":"WebSite","@id":"https:\/\/pediatrnadedine.cz\/#website","url":"https:\/\/pediatrnadedine.cz\/","name":"Ordinace praktick\u00e9ho l\u00e9ka\u0159e pro d\u011bti a dorost","description":"Praktick\u00fd l\u00e9ka\u0159 pro d\u011bti a dorost","potentialAction":[{"@type":"SearchAction","target":{"@type":"EntryPoint","urlTemplate":"https:\/\/pediatrnadedine.cz\/?s={search_term_string}"},"query-input":"required name=search_term_string"}],"inLanguage":"cs"}]}},"_links":{"self":[{"href":"https:\/\/pediatrnadedine.cz\/index.php\/wp-json\/wp\/v2\/pages\/26","targetHints":{"allow":["GET"]}}],"collection":[{"href":"https:\/\/pediatrnadedine.cz\/index.php\/wp-json\/wp\/v2\/pages"}],"about":[{"href":"https:\/\/pediatrnadedine.cz\/index.php\/wp-json\/wp\/v2\/types\/page"}],"author":[{"embeddable":true,"href":"https:\/\/pediatrnadedine.cz\/index.php\/wp-json\/wp\/v2\/users\/1"}],"replies":[{"embeddable":true,"href":"https:\/\/pediatrnadedine.cz\/index.php\/wp-json\/wp\/v2\/comments?post=26"}],"version-history":[{"count":10,"href":"https:\/\/pediatrnadedine.cz\/index.php\/wp-json\/wp\/v2\/pages\/26\/revisions"}],"predecessor-version":[{"id":930,"href":"https:\/\/pediatrnadedine.cz\/index.php\/wp-json\/wp\/v2\/pages\/26\/revisions\/930"}],"wp:attachment":[{"href":"https:\/\/pediatrnadedine.cz\/index.php\/wp-json\/wp\/v2\/media?parent=26"}],"curies":[{"name":"wp","href":"https:\/\/api.w.org\/{rel}","templated":true}]}}